 1783670.
2, 5, 7, 83, 307
What are the prime factors of 25960913?
11, 41, 5233
List the prime factors of 202930.
2, 5, 7, 13, 223
List the prime factors of 1656713.
23, 72031
What are the prime factors of 282077?
311, 907
List the prime factors of 155363.
13, 17, 19, 37
List the prime factors of 152216.
2, 53, 359
What are the prime factors of 6174728?
2, 7, 71, 1553
List the prime factors of 11224.
2, 23, 61
What are the prime factors of 919961?
7, 19, 6917
List the prime factors of 2281074.
2, 3, 380179
List the prime factors of 4243166.
2, 17, 124799
List the prime factors of 1386853.
13, 106681
What are the prime factors of 368988?
2, 3, 97, 317
What are the prime factors of 742106?
2, 53, 7001
List the prime factors of 14839864.
2, 13, 293, 487
List the prime factors of 43516.
2, 11, 23, 43
What are the prime factors of 5107358?
2, 103, 24793
What are the prime factors of 162410?
2, 5, 109, 149
What are the prime factors of 8499228?
2, 3, 708269
What are the prime factors of 2845722?
2, 3, 11, 43117
List the prime factors of 439793.
19, 79, 293
What are the prime factors of 687606?
2, 3, 114601
List the prime factors of 4075841.
7, 11, 43, 1231
What are the prime factors of 7157126?
2, 277, 12919
What are the prime factors of 1376280?
2, 3, 5, 3823
What are the prime factors of 12841423?
7, 53, 34613
List the prime factors of 4640338.
2, 2320169
List the prime factors of 2564516.
2, 641129
What are the prime factors of 403412?
2, 100853
What are the prime factors of 10233285?
3, 5, 682219
What are the prime factors of 3929794?
2, 11, 178627
What are the prime factors of 801225?
3, 5, 1187
What are the prime factors of 12340354?
2, 13, 474629
List the prime factors of 3713686.
2, 1856843
List the prime factors of 51071.
51071
What are the prime factors of 15018414?
2, 3, 2503069
List the prime factors of 6585873.
3, 7, 313613
What are the prime factors of 2147462?
2, 101, 10631
What are the prime factors of 235409?
151, 1559
List the prime factors of 232451.
232451
What are the prime factors of 98950?
2, 5, 1979
What are the prime factors of 423348?
2, 3, 35279
List the prime factors of 374691.
3, 124897
What are the prime factors of 644697?
3, 71633
List the prime factors of 9635229.
3, 23, 89, 523
What are the prime factors of 5869559?
113, 127, 409
What are the prime factors of 7023657?
3, 2341219
What are the prime factors of 886187?
37, 43, 557
What are the prime factors of 146566?
2, 7, 19, 29
What are the prime factors of 438937?
438937
List the prime factors of 2318518.
2, 1159259
What are the prime factors of 6845400?
2, 3, 5, 3803
List the prime factors of 12146818.
2, 1721, 3529
What are the prime factors of 5092660?
2, 5, 23, 11071
List the prime factors of 133908.
2, 3, 11159
What are the prime factors of 1880853?
3, 13, 29, 1663
What are the prime factors of 5935086?
2, 3, 131, 839
List the prime factors of 141123.
3, 47041
List the prime factors of 1096834.
2, 548417
List the prime factors of 479298.
2, 3, 17, 37, 127
What are the prime factors of 878405?
5, 11, 15971
What are the prime factors of 4032349?
17, 193, 1229
What are the prime factors of 452340?
2, 3, 5, 7, 359
List the prime factors of 7097685.
3, 5, 7, 23, 2939
List the prime factors of 29339.
29339
List the prime factors of 179455.
5, 19, 1889
What are the prime factors of 15935381?
7, 11, 206953
List the prime factors of 2811672.
2, 3, 4339
List the prime factors of 36458163.
3, 7, 578701
What are the prime factors of 422104?
2, 19, 2777
List the prime factors of 8972704.
2, 13, 21569
What are the prime factors of 6854940?
2, 3, 5, 38083
List the prime factors of 199175.
5, 31, 257
What are the prime factors of 241142?
2, 11, 97, 113
What are the prime factors of 438716?
2, 67, 1637
What are the prime factors of 953634?
2, 3, 11, 14449
List the prime factors of 7426994.
2, 17, 61, 3581
List the prime factors of 1820353.
1820353
List the prime factors of 448712.
2, 11, 5099
What are the prime factors of 262554?
2, 3, 43759
What are the prime factors of 494072?
2, 151, 409
List the prime factors of 443481.
3, 147827
List the prime factors of 353558.
2, 176779
List the prime factors of 853148.
2, 213287
List the prime factors of 1798158.
2, 3, 17, 61
List the prime factors of 10366063.
449, 23087
List the prime factors of 944867.
7, 11, 1753
List the prime factors of 2928849.
3, 7, 11, 31, 409
What are the prime factors of 169902?
2, 3, 9439
What are the prime factors of 1868595?
3, 5, 347, 359
What are the prime factors of 1948726?
2, 13, 241, 311
What are the prime factors of 3555636?
2, 3, 7, 6047
What are the prime factors of 493092?
2, 3, 13697
What are the prime factors of 2090405?
5, 17, 24593
What are the prime factors of 29481655?
5, 7, 17, 49549
List the prime factors of 846518.
2, 423259
What are the prime factors of 1395252?
2, 3, 12919
List the prime factors of 4405052.
2, 23, 47881
What are the prime factors of 21152159?
7, 3021737
List the prime factors of 5703805.
5, 61, 18701
List the prime factors of 2545616.
2, 389, 409
What are the prime factors of 16103588?
2, 23, 175039
What are the prime factors of 18477180?
2, 3, 5, 34217
List the prime factors of 1173826.
2, 193, 3041
List the prime factors of 1303447.
449, 2903
List the prime factors of 1905025.
5, 181, 421
What are the prime factors of 200369?
13, 15413
What are the prime factors of 425079?
3, 73, 647
What are the prime factors of 1183697?
1183697
List the prime factors of 2878302.
2, 3, 7, 68531
What are the prime factors of 1065163?
11, 8803
List the prime factors of 32424667.
11, 31, 95087
What are the prime factors of 259081?
509
List the prime factors of 5545079.
37, 149867
What are the prime factors of 78158?
2, 39079
List the prime factors of 1807100.
2, 5, 17, 1063
List the prime factors of 11393151.
3, 7, 11, 31, 37, 43
What are the prime factors of 596931?
3, 198977
List the prime factors of 1141148.
2, 285287
List the prime factors of 544304.
2, 34019
What are the prime factors of 339939?
3, 107, 353
List the prime factors of 302148.
2, 3, 7, 11, 109
What are the prime factors of 4907250?
2, 3, 5, 727
What are the prime factors of 555958?
2, 13, 21383
List the prime factors of 5356672.
2, 41849
What are the prime factors of 2828815?
5, 11, 19, 2707
List the prime factors of 422479.
422479
List the prime factors of 11853098.
2, 31, 37, 5167
What are the prime factors of 6056048?
2, 378503
What are the prime factors of 3079698?
2, 3, 513283
What are the prime factors of 813401?
813401
List the prime factors of 69689.
227, 307
List the prime factors of 179346.
2, 3, 71, 421
What are the prime factors of 130701?
3, 19, 2293
What are the prime factors of 1792267?
1792267
List the prime factors of 18621784.
2, 2327723
What are the prime factors of 966170?
2, 5, 79, 1223
List the prime factors of 471940.
2, 5, 7, 3371
What are the prime factors of 539688?
2, 3, 113, 199
What are the prime factors of 56974?
2, 61, 467
List the prime factors of 20607.
3, 6869
What are the prime factors of 5373122?
2, 17, 23, 6871
List the prime factors of 717862.
2, 358931
What are the prime factors of 9368697?
3, 13, 233, 1031
List the prime factors of 13674353.
7, 11, 177589
List the prime factors of 1565245.
5, 11, 149, 191
What are the prime factors of 1089310?
2, 5, 97, 1123
List the prime factors of 6410969.
6410969
List the prime factors of 199999.
199999
What are the prime factors of 8634248?
2, 7, 154183
What are the prime factors of 177241?
421
List the prime factors of 76749.
3, 25583
What are the prime factors of 816774?
2, 3, 7, 19447
What are the prime factors of 12739346?
2, 383, 16631
List the prime factors of 3727274.
2, 1863637
What are the prime factors of 65109?
3, 11, 1973
List the prime factors of 198273.
3, 29, 43, 53
What are the prime factors of 294766?
2, 19, 7757
List the prime factors of 190034.
2, 13, 7309
What are the prime factors of 6440453?
6440453
List the prime factors of 159092.
2, 31, 1283
List the prime factors of 1753534.
2, 113, 7759
What are the prime factors of 1066718?
2, 173, 3083
What are the prime factors of 477572?
2, 23, 29, 179
List the prime factors of 6735603.
3, 7, 41, 7823
What are the prime factors of 1457920?
2, 5, 17, 67
What are the prime